 thousands digit of l?
2
Let o(m) = 5*m**2 - 3*m + 18. Let z(c) = -14*c**2 + 10*c - 55. Let h(g) = -17*o(g) - 6*z(g). Let f be h(-11). What is the units digit of 171/(-12)*-6*f/3?
7
Let w = 7961 + -3534. What is the hundreds digit of w?
4
Let m(s) = 59*s**2 + 21*s + 2918. What is the units digit of m(0)?
8
What is the thousands digit of -155*(242/(-2) + 4)?
8
Suppose 5*q - 69 = 28*q. What is the hundreds digit of 7 + (4 - (-892 + q))?
9
Let v = 38 - 41. What is the units digit of (-2176)/(-3) - 2/v?
6
Suppose 6*g = 3064 + 3320. Suppose 15*l - g = 2941. What is the tens digit of l?
6
Let y(a) be the third derivative of 7*a**5/60 - a**4/4 + 3*a**3/2 - 18*a**2. Let b be y(5). Suppose -9*z + b = -7*z. What is the tens digit of z?
7
Suppose -4*y + 16 = 4*m, 6*y = 2*y + m + 31. Let b be 8*1*51*y/42. Suppose -b = -o - 7. What is the units digit of o?
1
Let k = -302 + -279. Let c = 1039 + k. What is the units digit of c?
8
Let q be (-1896)/10 + (9 - (-42)/(-5)). Let k = q - -587. What is the hundreds digit of k?
3
Let x(v) = 2*v**3 - 9*v + 16. Let r(b) = 3*b**3 - b**2 - 9*b + 15. Let j(h) = 4*r(h) - 5*x(h). What is the hundreds digit of j(9)?
1
Let y(p) = -2*p**3 + 10*p**2 + 4*p + 14. What is the hundreds digit of y(-5)?
4
Suppose -77*w - 14*w = -913309 - 737249. What is the thousands digit of w?
8
Let d = -328 + 304. Let a(z) = -35*z - 59. What is the tens digit of a(d)?
8
Let n(f) = f**2 - 5*f - 20. Suppose -5*j - 39 = v - 15, -5*v - 32 = 3*j. Let p be n(v). Suppose 76 = u - p. What is the units digit of u?
2
Let g = 17340 - 9723. What is the tens digit of g?
1
Suppose 13*c + c = -28. What is the units digit of (-3)/(-21)*c - 22095/(-35)?
1
Let x = 4008 - 3678. Let n be 65/3*18/2. Let r = x - n. What is the hundreds digit of r?
1
Let c = 27 - 24. Suppose 4*d + c*d = 4*d. Suppose d = 10*b - 14*b + 52. What is the tens digit of b?
1
Suppose -4*k + 4125 = 5*n, -22*k + 30*k = 2*n - 1698. What is the units digit of n?
9
Suppose -2*k = -42*k - 115779 + 748219. What is the hundreds digit of k?
8
Let l = -2732 + 9295. Suppose -5*d = -4*n - l, -4*d = n - 2160 - 3082. Suppose -56 + d = 5*m. What is the units digit of m?
1
Let k be 42/5*(-86060)/(-78). Suppose -7*p = -2954 - k. What is the thousands digit of p?
1
Let k = 57620 - 35821. What is the tens digit of k?
9
Let n = 2961 - -3096. What is the hundreds digit of n?
0
Let k be (8/(-12) + -1)/((-2)/6). Suppose -k*d - 3*h = 5, 4*h - 15 = -2*d - 3. What is the tens digit of (114/(-6))/(-3 - d/2)?
1
Suppose -2*a - 15*l = -11*l - 62402, -2*l - 187318 = -6*a. What is the thousands digit of a?
1
Suppose k = -3 + 12. Suppose -13*p + k*p + 108 = f, -477 = -5*f + p. What is the units digit of f?
6
Suppose 3*l = -5*b + 12715 + 32490, -5*l = 3*b - 75363. What is the ten thousands digit of l?
1
Let o be (((-943)/(-2))/(-1))/(13/(-26)). Let d = 1329 - o. What is the hundreds digit of d?
3
Suppose -2*z + 7 = 1. Suppose -p - 3*p = 5*u + 20, z*p = 2*u + 31. What is the tens digit of (-4)/u*-19*-6?
5
Let v(r) be the first derivative of -r**3/3 + 2*r**2 + 13*r - 21. Let u be v(7). Let n(l) = 3*l**2 + l - 19. What is the units digit of n(u)?
5
What is the hundreds digit of ((-9)/(-2))/((-318)/(-1111304))?
7
Let x(i) = -i**3 - 9*i**2 + 9*i - 2. Let h be x(-10). Let y(p) = 13*p**2 - 3*p**3 + 8*p + 2*p**3 + h - 2*p + 24*p. What is the units digit of y(15)?
8
Let z(p) = -223*p + 11. Let x = 130 + -132. Let w be z(x). Suppose -481 - w = -7*y. What is the hundreds digit of y?
1
Suppose -3*v + 1049 + 211 = 0. Let h = v + -363. What is the tens digit of h?
5
Let u(x) = -6559*x - 39. What is the hundreds digit of u(-4)?
1
Let d = -19107 + 28321. Suppose 1526 = 6*q - d. What is the units digit of q?
0
Let t be ((-5)/(-10))/((-1)/8). What is the units digit of (-536)/t - 168/(-21)?
2
Let i(f) = 6*f**2 + 140*f - 12. Let r be i(-22). Let h = 697 + r. What is the units digit of h?
9
Suppose 138*u - 133*u - 9707 = 12458. What is the tens digit of u?
3
Let u(o) = -1087*o + 12327. What is the thousands digit of u(-64)?
1
Suppose 0 = -3*r - 6*l + 3*l + 3732, l + 3716 = 3*r. Suppose 3*i + 31 = r. What is the tens digit of i?
0
Let w(a) = a**2 + 17*a + 3. Let j be w(-17). Let r be (-2815029)/(-441) + (-2)/7. What is the tens digit of r/39 + 1/j + -1?
6
What is the thousands digit of 14171762/968 + 14/8?
4
Suppose -5*l - 4*c + 694 = -3990, 4*c = 3*l - 2836. Suppose -3*y + 1924 = 4*o, -11*y + 7*y - l = -2*o. What is the tens digit of o?
7
Let n(p) = -6*p + 2639. What is the units digit of n(-37)?
1
Suppose 14*k + 4*q = 19*k + 231, 192 = -4*k - 4*q. What is the units digit of ((-1756)/10)/(k/235)?
8
Let z be 2/7 - 1920/7. Let r = z - -141. Let d = -59 - r. What is the units digit of d?
4
Let l = -4402 - -9551. What is the units digit of l?
9
Let u(k) = -k**2 - 3. Let z(b) = 3*b**2 - 16*b - 10. Let x(y) = -2*u(y) + z(y). What is the tens digit of x(-3)?
8
Let n = -166 - -177. Suppose -614 = -2*a - n*p + 7*p, 20 = -5*p. What is the hundreds digit of a?
3
Let t(j) = -1010*j**3 + 21*j**2 + 57*j - 33. What is the ten thousands digit of t(-3)?
2
Let x = 8526 + 33393. What is the ten thousands digit of x?
4
Let k(r) = r**3 + 11*r**2 - 5*r + 18. Let s be k(-12). Let t = s + 66. Suppose u - 122 - 45 = t. What is the hundreds digit of u?
1
Let m(g) be the second derivative of -g**5/20 + 3*g**4/2 + 5*g**3/3 - 9*g**2/2 - 6*g - 3. What is the hundreds digit of m(18)?
1
Let b = -17 - -20. Let p = -92 + 170. Suppose 6*q = b*q + p. What is the tens digit of q?
2
Let z(w) = w**3 - 18*w**2 - 24*w + 87. Let x be z(19). Let q(a) = -a**2 + 10*a - 2. Let m be q(8). Let g = m + x. What is the units digit of g?
6
Let w(f) = f**2 + 25*f + 126. Suppose 4*m = 4*b - 172, 0 = -8*b + 12*b - 12. What is the tens digit of w(m)?
2
Let d(n) = 20*n**2 + 64*n - 1732. What is the tens digit of d(25)?
6
Let s = -2948 + 9437. What is the thousands digit of s?
6
Suppose 0 = y + 3, -7678 - 20141 = -2*x - 5*y. What is the ten thousands digit of x?
1
Suppose 0 = 3*r + 12, 0 = -72*q + 75*q - r - 28522. What is the tens digit of q?
0
Let j = -25841 + 36970. What is the hundreds digit of j?
1
Let a(z) = 4845*z**2 - 534*z - 2118. What is the hundreds digit of a(-4)?
5
Let v be 1*-5*-4*366/24. Let o = 38 + -11. Let c = v - o. What is the tens digit of c?
7
Let k be -582*((-6)/(-4))/1. Let l = k + 1619. What is the units digit of l?
6
Let m(q) = 130*q**2 + 145*q + 2761. What is the ten thousands digit of m(-17)?
3
Let l(a) be the third derivative of 4*a**4/3 + 50*a**3/3 - 42*a**2. What is the units digit of l(13)?
6
Let v(d) = 31*d + d**2 - 27*d + 3 + 5. Let u be v(-3). Suppose 3*c = -5*t + 145, -t - 267 + 44 = -u*c. What is the tens digit of c?
4
Suppose -2*d = -5*l + 1, -3*d + 4*l = -0*l - 16. Let c be 0/(7/(28/d)). Suppose -3*m + 407 = w, w = -c*m - m + 137. What is the hundreds digit of m?
1
What is the tens digit of 91472/2 + 0/((-2162)/(-47))?
3
What is the units digit of 3 + 0 - 3*(-4 - 53608/12)?
7
Suppose 5*x + 27 - 2 = 0. What is the tens digit of -1*(-1494 + 2 + x)?
9
Let k = 596 - 69. What is the tens digit of k?
2
Suppose 13*i + 16 = 11*i. Let z be (i - -5) + 1 + 69. Let d = z - 45. What is the tens digit of d?
2
Let i(m) = 3*m**2 - 6*m + 1. Suppose -2*a + 0*a = -4*z + 78, 3*a + 97 = 5*z. Suppose -4*h = -0 + z. What is the tens digit of i(h)?
0
Suppose -z - 3*s + 15354 = 0, 228*z - 226*z - 30654 = 3*s. What is the ten thousands digit of z?
1
Suppose 40*n = 29*n + 3553. Suppose 712 = 5*i - n. What is the tens digit of i?
0
Let r(d) = 28*d**2 + 49*d - 76. Let t be r(22). Suppose -41*g = -22*g - t. What is the tens digit of g?
6
Suppose -2*k - 46 = -4*i + 48, -k = 5. Let w = i + -25. What is the units digit of (4/(-6))/((-2)/(-1560)*w)?
0
Suppose -10*u - 52 + 2 = 0. What is the tens digit of (-7721)/(35/u) + -3?
0
Let d(w) = -w - 5. Let o be d(-7). Suppose -3*c + 3*k - o*k = -8, k = 2*c - 5. Suppose -420 = -8*a + c*a. What is the tens digit of a?
8
What is the units digit of 5 + 0/2 - -7999?
4
Suppose -q - 18539 = -p, 0 = -p - 73*q + 78*q + 18571. What is the ten thousands digit of p?
1
Let z = 180 - 735. Let n = z - -835. What is the hundreds digit of n?
2
Suppose 0 = -n - 0*n + 791. Let l be 3216/20*(-40)/12. Let s = n + l. What is the units digit of s?
5
Let j = -39704 - -39894.